- 20 = -5*y. Let l be 17 - k - 2 - -1. What is the greatest common factor of l and 16?
16
Suppose -5*w - 15 = -y, -2*y = 4*w + 1 + 11. Suppose -2*d + 42 = -y*d. What is the greatest common divisor of d and 84?
21
Suppose 2*m - 5 = 31. Calculate the greatest common factor of m and 2.
2
Suppose -6 = -2*f, -158 = -2*l - f - 35. What is the highest common factor of l and 12?
12
Let w be (1 + 1)*7/2. Calculate the greatest common factor of w and 28.
7
Suppose 7*v = -138 + 474. Calculate the greatest common factor of 120 and v.
24
Suppose x + 4*u = 2*x - 8, 5*x = -4*u + 40. What is the highest common factor of 8 and x?
8
Suppose 0 = -3*f + 12 + 21. Calculate the highest common divisor of f and 77.
11
Let w = 63 - 42. Calculate the highest common divisor of 231 and w.
21
Let l(j) = j. Let b be l(-5). Let x(q) = -10*q - 2. Let u be x(b). Calculate the greatest common factor of u and 12.
12
Let f = 23 + -17. Calculate the highest common factor of f and 54.
6
Let o = 432 + -287. What is the greatest common factor of 29 and o?
29
Suppose q - 2 = 0, 0*t - 26 = t - 2*q. Let i = 52 + t. What is the greatest common factor of 3 and i?
3
Let p(a) = -2*a + 2. Suppose -7 = 4*u + 1. Let b be p(u). Suppose -b*l + l = -270. Calculate the highest common factor of 18 and l.
18
Suppose -3*c = 3*k - 30, -5*k + 5*c + 16 = -24. Suppose 3*j - k = 0, -4*w + 0*j + 26 = -2*j. Calculate the greatest common factor of w and 2.
2
Let p be ((-12)/5)/(3/(-40)). Suppose 0 = 3*m - 2*n - p - 26, 5*m - 4*n = 98. Suppose 576 = 3*u + u. What is the highest common divisor of u and m?
18
Let c(g) = -g**3 - 7*g**2 + 9*g + 6. Let q be c(-8). Let t be 1/(2/62) + q. Let l = t - 5. Calculate the highest common factor of 12 and l.
12
Suppose 2*f + 26 = r - f, 3*f - 6 = 0. Calculate the highest common divisor of r and 16.
16
Suppose 2*d + 1 - 65 = 0. What is the highest common divisor of 8 and d?
8
Let d = -116 + 172. Calculate the highest common factor of 7 and d.
7
Suppose 10 = 3*m - 2*m. Suppose f - 2*f + 80 = 0. What is the greatest common factor of f and m?
10
Let m be (12/7)/(2/21). Let f = -9 + m. Calculate the greatest common divisor of 6 and f.
3
Suppose 4*o - 5*o + 2*f - 99 = 0, 0 = 5*o - 3*f + 502. Let s = -11 - o. Calculate the greatest common divisor of s and 10.
10
Let u(f) = f**3 - 5*f**2 + 6*f. Let i be u(4). What is the highest common factor of i and 88?
8
Suppose 0 = -k - 0*k, 0 = 2*f - 3*k - 144. Let w = 18 - 11. Suppose -4*n - f = -z - w*n, -144 = -2*z - n. What is the greatest common factor of z and 9?
9
Let d = -459 + 646. Suppose 4*i = 9 + 59. Calculate the greatest common divisor of d and i.
17
Let q = 38 - -347. Calculate the greatest common factor of q and 35.
35
Suppose 5*s = -0*s, 2*s - 88 = -4*o. Suppose 150 = 4*h + 5*u, h - o - 3 = 5*u. Calculate the highest common divisor of h and 7.
7
Let p = -41 + 71. Suppose 4*k + 5*i = 28, i - 40 - 4 = -4*k. Let u be k/1 - (-2 + 2). What is the highest common divisor of p and u?
6
Suppose 0*r = 3*r - 192. Suppose o - 8 = r. What is the greatest common factor of 12 and o?
12
Let k = -3 - -4. Let y(h) = -h**2 + 4 + 2*h**2 - k. Let i be y(-3). Calculate the highest common divisor of i and 3.
3
Suppose -d = -2*u - 12, -3*d - 25 + 6 = 5*u. Suppose s + 0 = 22. Calculate the greatest common divisor of s and d.
2
Suppose -6*y = -271 - 149. What is the greatest common divisor of y and 28?
14
Let g(k) = 2*k**3 - 2*k + 6. Let a(r) = r**3 + 4. Let y be a(0). Let p be g(y). Calculate the highest common factor of 18 and p.
18
Let l(r) = -r - 4. Let b be l(-6). Suppose b = -2*g - 6. Let f = g - -13. Calculate the highest common factor of f and 72.
9
Let o be -77 + 6/3 + -1. Let l be 578/5 - 4/(-10). Let a = o + l. What is the highest common factor of 16 and a?
8
Suppose i + 2*j + 0 = 1, -2 = j. Suppose -4*v - y + 14 = -36, -i*v + 4*y + 52 = 0. Calculate the highest common divisor of v and 12.
12
Suppose -28 = 5*w - 73. Suppose -29 - 25 = -3*f. What is the highest common factor of f and w?
9
Let s(z) = -3*z - 3. Let r be s(-7). Calculate the highest common divisor of 6 and r.
6
Suppose -2*u - 22 = -2*r, -19 = -6*r + 2*r - u. Calculate the greatest common factor of r and 18.
6
Let z(l) = l**3 - l**2 - l + 7. Let q be z(0). Suppose -s + 2*n + 45 = 0, 3*s - 4*n = n + 130. Calculate the greatest common divisor of q and s.
7
Suppose -4 = -a, 2*d + a - 24 = -3*a. Suppose 0*l - 52 = -3*r - l, 0 = -r - 3*l + d. Calculate the greatest common factor of r and 76.
19
Suppose 0*q - 597 = -3*q - 2*k, 398 = 2*q - 3*k. Let x = -99 + q. Calculate the highest common divisor of x and 20.
20
Suppose k + 12 = 3*k. Let u(f) = 3*f + 2. Let g be u(-2). Let n = 2 - g. Calculate the greatest common factor of n and k.
6
Let n be ((-10)/30)/(((-2)/(-306))/(-1)). Calculate the greatest common divisor of 68 and n.
17
Let u = 3 + 4. Suppose 2*k - 2*x = -3*k + u, 3*k = -3*x. Calculate the greatest common factor of k and 9.
1
Let p(q) = -q + 13. Let w be p(10). Calculate the highest common factor of w and 1.
1
Let o(q) = 4*q + 8. Let h be o(3). What is the greatest common divisor of 180 and h?
20
Suppose -l - 3*j = -27, 5*j + 63 = -4*l + 171. Let q be (13 - 0) + (-6 - -6). Let t = q - 10. Calculate the highest common divisor of t and l.
3
Let o(u) = 2*u**3 - u**2 + u + 1. Let s be o(1). Let p = 5 - 3. Let x be (-21)/(-2)*(p + 0). Calculate the greatest common divisor of x and s.
3
Let s be 7*((-24)/(-7) - 0). Let q = 6 + s. What is the highest common divisor of q and 20?
10
Let g be (-218)/10 + (-2)/10. Let x = 33 + g. Calculate the greatest common factor of 99 and x.
11
Suppose 40 = 4*x - 2*x. Suppose -2*m - l = -2*l - 55, -2*l = 3*m - 100. What is the highest common factor of m and x?
10
Let v be (-386 + 2)/(-2) - 3. Let j = v - 70. Let r = 32 - 15. Calculate the highest common factor of r and j.
17
Suppose 3*d - 12 = 45. What is the highest common divisor of 19 and d?
19
Suppose 0 = d - 7 - 33. Suppose q + d = 5*q. Calculate the greatest common divisor of 30 and q.
10
Let y(k) = 14*k + 2. Let m be y(2). Calculate the highest common factor of 45 and m.
15
Let s = -50 + 104. Suppose 0 = -2*y - 3*a + 6, 22 = 2*y - 4*a - a. Calculate the greatest common divisor of y and s.
6
Let s = 71 + -31. Calculate the highest common factor of s and 40.
40
Let r = -23 - -34. What is the greatest common divisor of r and 11?
11
Suppose -5*j - 124 = 1. Let u be -4 + 2 + (-1 - j). Calculate the greatest common divisor of u and 22.
22
Suppose 5 = 3*w - 1. Suppose 0 = 5*q - w*f - 0*f - 275, -2*q + 110 = -f. Let o(u) = 28*u - 6. Let k be o(1). Calculate the greatest common divisor of k and q.
11
Let p = 49 + 32. What is the greatest common factor of 27 and p?
27
Suppose 2*v - 21 = v + 5*s, 46 = 3*v + 2*s. Suppose -5*d = -3*x - v, -24 = -0*x - 3*x - 3*d. What is the highest common factor of 9 and x?
3
Let f be 1*(2 + (-1 - 1)). Suppose -3*y - 3*b + 342 = f, 4*y - 3*b = -y + 538. What is the greatest common factor of y and 10?
10
Let f = 180 - 100. What is the greatest common divisor of f and 100?
20
Let i be 46/2 + -3 - 4. What is the greatest common factor of 16 and i?
16
Suppose -4*k + 7*k = 39. What is the greatest common divisor of k and 104?
13
Let r(i) = -i**3 + 6*i**2 - 2*i - 7. Let o be r(5). Calculate the highest common divisor of o and 2.
2
Let l = -21 + 36. Let t = 31 - l. What is the highest common factor of t and 4?
4
Let h be (520/16)/(1/2). What is the highest common factor of h and 26?
13
Let w be (2*(1 + 1) - 2) + 46. What is the highest common factor of w and 6?
6
Let c be (4/8)/(2/104). Calculate the highest common factor of c and 65.
13
Let w be (-2)/3 + 35/(-15). Suppose -3*t + 4 - 41 = -a, 3*t + 17 = 5*a. Let g = w - t. What is the greatest common factor of 77 and g?
11
Let y = 12 - 0. Let m = y + -1. Suppose 0 = x - 4*x + 165. Calculate the highest common factor of x and m.
11
Suppose 0 = -5*x + 7*x - 196. Calculate the highest common divisor of x and 147.
49
Let q(c) = -17*c + 1. Let d be q(-1). Suppose -4*p + 3*j - 2*j + 43 = 0, -5*p = -5*j - 35. What is the highest common factor of p and d?
6
Suppose 7 - 4 = 3*l. Let n be -27*(l + 1)*-1. Let v be 2/((-52)/n - -1). Calculate the highest common divisor of v and 36.
18
Let t(k) = 3*k + 22. Let m be t(6). What is the gre